(b) = 5*b**3 - 1. Give y(q).
4
Let c(p) = -p**2 + p + 1. Let g(b) = b**3 - 5*b**2 + 5*b + 6. Let o(m) = -6*c(m) + g(m). Calculate o(0).
0
Let y(d) = 2 + 0*d**2 + 0*d**2 + d**2 + 4*d + 0*d**2. Suppose -4*v + 5*p = 1 + 6, v = 3*p. Determine y(v).
-1
Let k be ((-1)/(-2))/(4/32). Let b(p) = k*p**2 + 5*p**2 + 2 - 8*p**2. Determine b(-2).
6
Let l(d) = -1. Let p(b) = 3*b - 1. Let c(r) = -2*l(r) - p(r). Let f(q) = -q**2 + 6*q - 5. Let w be (-2 + 3/2)*-8. Let v be f(w). Determine c(v).
-6
Suppose -4*h + h = 0. Suppose h = -6*a + 4*a + 2. Suppose 0 = -2*b + 9 + a. Let r(g) = -g**2 + 5*g. Determine r(b).
0
Let d(t) = -1 - 25*t**2 + 9*t + 7 + 26*t**2. Determine d(-8).
-2
Let k(g) = -g**2 - 2*g - 1. Let b be (-10)/(-3) - (-10)/(-30). Suppose b*o - 15 - 6 = 4*u, -u + 3*o - 12 = 0. Calculate k(u).
-4
Let i(v) be the third derivative of v**5/30 + v**3/6 + 7*v**2. What is i(1)?
3
Let f(y) = -208*y - 2 + 14*y**3 + 206*y - y**2 + 1. Determine f(-1).
-14
Let g(z) = 2 - z - 4 + 4 + 0. Give g(7).
-5
Let u(f) = -f**2 + f - 4. Let y(a) = -a**3 + 13*a**2 - a + 13. Let q be y(13). Suppose -p + 6*p = q. Give u(p).
-4
Let p(k) be the second derivative of 2*k + 0 - 4*k**2 + 1/6*k**3. Calculate p(0).
-8
Let l = 36 - 50. Suppose -4*h - 65 = 5*j - 0*h, -h - 14 = j. Let m = l - j. Let s(q) = 3*q + 4. What is s(m)?
-11
Let m(z) = 2*z**3 - z + 1. Let o be m(1). Let f(q) = o*q**3 - 15*q + 14*q + 3*q**2 - q**3. Determine f(-3).
3
Let c(k) be the second derivative of -k**3/6 - k**2/2 + 2*k. What is c(-4)?
3
Let a(h) = 6 + 1 - 8 + h. Give a(7).
6
Let h(r) = r**3 - 2*r - 1. Let s be h(-2). Let q be s/1 - (-2 + 0). Let d be 1*-2 + 0 + q. Let k(f) = f**2 + 4*f - 6. Calculate k(d).
-1
Let b(v) = -v**3 - 9*v**2 - 7*v + 6. Let d(u) = 4*u + 16. Let h be d(-6). Give b(h).
-2
Let c(j) = -4*j - 3. Let x(b) = -b**3 - 15*b**2 + 17*b + 13. Let p be x(-16). Determine c(p).
9
Let x(u) = -u**2 - 2*u - 1. Let c be (-2)/5 - (-408)/20. Suppose c = 4*l + 4. Suppose 5*a - 10 = 4*j, -l*a - 21 = -a + 3*j. What is x(a)?
-1
Let f = -2 - -5. Let z(o) = o**2 + 3*o - f - o**2 - o**2. Let r(y) = -y + 8. Let m be r(4). Calculate z(m).
-7
Let q(k) be the first derivative of -k**4/4 - k**3 + k**2 - 5*k + 2. Suppose 2*r - 5*r - 16 = s, -r = 4. Determine q(s).
3
Let k(g) be the second derivative of g**5/20 + g**4/12 - g**2/2 + g. Let m = 9 - 5. Suppose 0 = 2*l + 2*l - m. What is k(l)?
1
Let i(b) = b**2 - 6*b - 6. Suppose -2 = -0*k - k. Let w(m) = -38 + 7 - 18*m - 12*m + 6*m**k. Let x(p) = -11*i(p) + 2*w(p). Determine x(-4).
-4
Let q(s) = -2*s**2 - 4*s + 1. Suppose -3*r + 12 + 0 = 0. Suppose 3*b = -r - 5. Determine q(b).
-5
Let h(b) = b**3 - 7*b**2 - 8*b + 2. Let w be h(8). Let p(u) = 2*u**3 - 15*u + 15. Let g(a) = a**3 - 7*a + 7. Let t(v) = -13*g(v) + 6*p(v). Determine t(w).
-7
Suppose -2*b = n - 6 + 17, 5*b + 30 = -5*n. Let z(x) = -x**2 - x - 1. Let f(t) = 6*t**2 + 4*t + 3. Let v(j) = f(j) + 2*z(j). Calculate v(n).
3
Let r(g) be the first derivative of 0*g**2 + 3 + 2*g - g**2 - g - 1 + g**3. Suppose 0 = -3*h + 3. Calculate r(h).
2
Let b(y) = y**2 + 6*y. Suppose z = 0, 2*k + 6*z = z + 38. Suppose -3*j - 5*r = 13, 5*r + 18 + k = 3*j. Suppose j*d = -8 - 12. Determine b(d).
-5
Let t(r) = r**3 + 6*r**2 + r + 2. Suppose 12*j - 7*j + 30 = 0. Determine t(j).
-4
Let n(g) be the first derivative of -g**4/4 - 2*g**3 + g**2/2 + 7*g - 5. Give n(-6).
1
Let j = 5 + -4. Let p(b) be the first derivative of -3 - j - 2*b**2 + 4 + 2. Give p(-1).
4
Suppose -5*k = -10, -5 = -3*y - 4*k + 3. Suppose 3*o + y*o - 3 = 0. Let x(h) = -7*h + 1. What is x(o)?
-6
Suppose -38 = -4*y + 2*h, 4*y - 3*h + 9 - 50 = 0. Let l(i) = -i + 5 + y - 3 + i**2 + i**3. What is l(0)?
10
Let t(q) = 5*q + 7. Let p(y) = 11*y + 15. Let d(z) = -4*p(z) + 9*t(z). Let o(l) = l - 1. Let b be o(1). Let g be 0 + b - -2 - 7. Give d(g).
-2
Let d be (-1)/(3/9*3). Let o(v) = 1. Let s(n) = 3*n**2 + 2*n + 7. Let y(w) = -6*o(w) + s(w). What is y(d)?
2
Let m(v) = -v**2 + 5*v + 6. Suppose -b = 4*p - 23, -3*b + 0*b = 4*p - 13. Determine m(p).
-8
Suppose -9 = -2*n + n. Let z be (n/(-6))/(3/6). Let d(u) = -2*u - 4. What is d(z)?
2
Let k(c) = -c**2 + 8*c + 9. Let w(z) = z. Let q(t) = k(t) - w(t). Determine q(8).
1
Let f(u) = 0*u**2 - 1 + u**2 + 6*u - 7*u**2 - 2 + u**3. Determine f(5).
2
Let c(b) = -5*b**3 + 16*b**2 + 4*b + 8. Let f(d) = -d**3 + d**2 - d. Let s(n) = c(n) - 6*f(n). Give s(-9).
-1
Let y(u) = -u**2 + 6*u - 1. Let w = 54 - 47. Calculate y(w).
-8
Suppose 2*n = 6*n - 20. Let g(x) = -3*x**2 + 6*x + x**2 + x**2. What is g(n)?
5
Let t(g) = g**3 - 2*g**2 + 0*g**3 + 2 + g**2 - 8 + g. What is t(0)?
-6
Let t(h) = -h**2 - 3*h - 4. Suppose -3*a - 21 = 5*c, c - 4*a - 2 = -c. Give t(c).
-4
Let r = 0 + 0. Let i(u) = -2*u**3 - u + 3*u**3 - 4 + 0*u**3. Calculate i(r).
-4
Let o be (-1)/6 - 275/(-30). Let j(z) = -z**3 + 10*z**2 - 10*z + 7. Determine j(o).
-2
Let r = -113 + 108. Let q(g) = g**2 + 2*g + 7. Calculate q(r).
22
Let y(q) = -8*q**2 + 20*q**2 - 5 + 3*q - 11*q**2. Give y(-4).
-1
Suppose 0 = 2*y - 10. Let k(s) = -4*s**2 + 5*s. Let z(d) = -7*d**2 + 9*d + 1. Let t(g) = y*k(g) - 3*z(g). Calculate t(4).
5
Let w(g) be the first derivative of -3 - 2*g**3 + 2*g**2 - 1/4*g**4 + 2*g. Let z(p) = -2*p**3 - 12*p**2 + 9*p + 5. Let c(l) = 7*w(l) - 3*z(l). Calculate c(-6).
-7
Let h(d) = -d**2 - 2*d - 6. Suppose -5*w = 7 + 13. What is h(w)?
-14
Let n(a) = a**3 - 5*a**2 - 7*a + 1. Suppose 0 = -5*j + 1 + 4. Suppose j = -b + 7. Determine n(b).
-5
Suppose 0 = c + 27 - 20. Let l(t) = t**2 + 6*t - 2. What is l(c)?
5
Let r(f) = -f**3 - 2*f**2 - 3*f - 1. Let p(t) = t**2 - 10*t - 13. Let o be p(11). Determine r(o).
5
Let a(i) be the first derivative of -2*i**3/3 - 2*i**2 + i - 7. Let k(u) = -u**2 + 5*u + 3. Let x be k(6). Determine a(x).
-5
Let d(z) = -z**3 + 5*z**2 + 9*z + 7. Let o = -6 - -8. Let w(t) = t**2 + 2*t**o + 5*t - 2 + 6 - t**3. Let m(q) = 3*d(q) - 5*w(q). What is m(-1)?
-3
Let g = -3 - -5. Let s(x) = -6*x + 0*x + 2*x - 6*x + 10. Let m(r) = 2*r - 2. Let f(p) = g*s(p) + 11*m(p). Determine f(4).
6
Let x(m) = -12*m**3 - 2*m**2 + 1. Let w(i) = -i**3 + 14*i**2 - 12*i - 14. Let s be w(13). Calculate x(s).
11
Let m(p) be the third derivative of p**5/30 - p**4/12 - p**3/6 - 4*p**2. Let y be m(2). Let g(w) = w - 3*w**2 - w**2 + 3*w**2. Calculate g(y).
-6
Let b(f) = f**2 - 2*f + 6. Let z(u) = -u**2 + 2*u - 7. Let l(k) = 3*b(k) + 2*z(k). Let c(g) = 3*g**2 + g + 1. Let a be c(-1). Determine l(a).
7
Let w(n) = -n. Let y(f) = -f**2 + 4*f. Let l(o) = -3*w(o) - y(o). Let a(i) = 4*i**2 - 2. Let j(c) = a(c) - 6*l(c). What is j(4)?
-10
Let b be 81/(-99) + 2/(-11). Let g(q) = 16*q. Determine g(b).
-16
Let z(r) = -r**3 - 3*r**2 + r - 3. Suppose -3*u + 11 = 2*c, 0 = 3*u + 3*c - 2*c - 16. Let p = u - 11. Determine z(p).
9
Suppose 5*s = 5*r, 0 = -3*s - 5*r + 36 - 4. Suppose -b + 0 = -s. Let i(d) be the first derivative of 3*d**2/2 - 5*d + 8. Determine i(b).
7
Let u(h) be the first derivative of -h**3/3 - h**2 + h + 11. What is u(2)?
-7
Let r be (-1)/3*7*-3. Suppose -4 = 3*l + w, -5*w - r = 13. Let p(i) be the first derivative of -i**4/4 - i**3/3 + i**2/2 + 5*i + 9. What is p(l)?
5
Let h(i) = 12*i - 34 + 37 + 2*i**2 - 9*i. What is h(-3)?
12
Let z(d) = 2*d**3 + 5*d**2 + 4*d + 10. Let q(g) = 3*g**3 + 5*g**2 + 4*g + 11. Let t(p) = 3*q(p) - 4*z(p). What is t(6)?
5
Suppose -2*y = 3*y + 3*m + 45, -4*y - 4*m - 44 = 0. Suppose n = 6*n - 10. Let u(b) = 0 + 4*b + 5*b**n - 9*b + b**3 - 3. Determine u(y).
-9
Let g(z) = 4*z**2 - 2. Let f(i) = -7*i**2 + i + 5. Let c(t) = -3*f(t) - 5*g(t). Let p be ((-1)/3)/(2/(-18)). Suppose -p*m = -7*m + 20. Determine c(m).
5
Let b(h) = h - 13. Let u(z) = 3*z - 2. Let g be u(3). Determine b(g).
-6
Let z = 11 + -7. Let b(r) = -1 + 5*r**2 - z + 4. Calculate b(1).
4
Let t(a) be the second derivative of -2*a + 0*a**4 + 0 + 1/6*a**3 + 1/24*a**5 + 0*a**2. Let s(f) be the second derivative of t(f). What is s(1)?
5
Suppose 2*l - 4*l = 0. Let j(v) = 5*v**3 - 4*v**2 - 3*v - 3. Let p(g) = g**3 - g**2 - g - 1. Let d(w) = -j(w) + 4*p(w). What is d(l)?
-1
Let j(c) = c**3 - 2*c**2 + c. Let t = 3 + -1. Let z be j(t). Let f be (-4)/2 + (-2)/z. Let k(w) = w**3 + 2*w**2 - 3*w - 3. Give k(f).
-3
Let x(i) = -i**3 - 6*i**2 - 4*i + 5. Let q be x(-5). Suppose -2*g = -q*g - 4*h - 10, -4 = 2*h. Let o(l) = 2*l + 0*l - g + 3.